{"id":14739,"date":"2026-08-30T09:51:52","date_gmt":"2026-08-30T09:51:52","guid":{"rendered":"https:\/\/pedagogspecjalny.pl\/?post_type=product&#038;p=14739"},"modified":"2026-08-30T09:52:13","modified_gmt":"2026-08-30T09:52:13","slug":"dziennik-wpisow-psychologa-szkola","status":"publish","type":"product","link":"https:\/\/pedagogspecjalny.pl\/en\/product\/dziennik-wpisow-psychologa-szkola\/","title":{"rendered":"dziennik wpis\u00f3w psychologa &#8211; szko\u0142a"},"content":{"rendered":"<p>Starannie dobrany i opracowany zbi\u00f3r 100 rozbudowanych wpis\u00f3w do dziennika (dokument w formacie WORD do edycji)\u00a0 systematyzuj\u0105cy prac\u0119 psychologa w szkole. Dokument zosta\u0142 podzielony na zakres klas 1-3 oraz 4-8. Doskona\u0142e wsparcie przy tworzeniu planu pracy, kontroli dokumentacji, a tak\u017ce \u017ar\u00f3d\u0142o inspiracji do organizacji zaj\u0119\u0107, spotka\u0144 z uczniami . Czytelny podzia\u0142 na zapis tematu i przebieg czynno\u015bci.<\/p>\n<p><strong>UWAGA! PO ZAKUPIE PROSZ\u0118 SPRAWDZI\u0106, CZY E-MAIL NIE TRAFI\u0141 DO SPAMU.\u00a0<\/strong><\/p>","protected":false},"excerpt":{"rendered":"<p>Starannie dobrany i opracowany zbi\u00f3r 100 rozbudowanych wpis\u00f3w do dziennika (dokument w formacie WORD do edycji)\u00a0 systematyzuj\u0105cy prac\u0119 psychologa w szkole. Dokument zosta\u0142 podzielony na zakres klas 1-3 oraz 4-8. Doskona\u0142e wsparcie przy tworzeniu planu pracy, kontroli dokumentacji, a tak\u017ce \u017ar\u00f3d\u0142o inspiracji do organizacji zaj\u0119\u0107, spotka\u0144 z uczniami . Czytelny podzia\u0142 na zapis tematu i [&hellip;]<\/p>\n","protected":false},"featured_media":14742,"template":"","meta":[],"product_brand":[],"product_cat":[15],"product_tag":[],"class_list":{"0":"post-14739","1":"product","2":"type-product","3":"status-publish","4":"has-post-thumbnail","6":"product_cat-uncategorized","8":"first","9":"instock","10":"sale","11":"downloadable","12":"virtual","13":"purchasable","14":"product-type-simple"},"_links":{"self":[{"href":"https:\/\/pedagogspecjalny.pl\/en\/wp-json\/wp\/v2\/product\/14739","targetHints":{"allow":["GET"]}}],"collection":[{"href":"https:\/\/pedagogspecjalny.pl\/en\/wp-json\/wp\/v2\/product"}],"about":[{"href":"https:\/\/pedagogspecjalny.pl\/en\/wp-json\/wp\/v2\/types\/product"}],"wp:featuredmedia":[{"embeddable":true,"href":"https:\/\/pedagogspecjalny.pl\/en\/wp-json\/wp\/v2\/media\/14742"}],"wp:attachment":[{"href":"https:\/\/pedagogspecjalny.pl\/en\/wp-json\/wp\/v2\/media?parent=14739"}],"wp:term":[{"taxonomy":"product_brand","embeddable":true,"href":"https:\/\/pedagogspecjalny.pl\/en\/wp-json\/wp\/v2\/product_brand?post=14739"},{"taxonomy":"product_cat","embeddable":true,"href":"https:\/\/pedagogspecjalny.pl\/en\/wp-json\/wp\/v2\/product_cat?post=14739"},{"taxonomy":"product_tag","embeddable":true,"href":"https:\/\/pedagogspecjalny.pl\/en\/wp-json\/wp\/v2\/product_tag?post=14739"}],"curies":[{"name":"wp","href":"https:\/\/api.w.org\/{rel}","templated":true}]}}

dziennik wpisów psychologa &#8211; szkoła

<p>Starannie dobrany i opracowany zbiór 100 rozbudowanych wpisów do dziennika (dokument w formacie WORD do edycji)  systematyzujący pracę psychologa w szkole. Dokument został podzielony na zakres klas 1-3 oraz 4-8. Doskonałe wsparcie przy tworzeniu planu pracy, kontroli dokumentacji, a także źródło inspiracji do organizacji zajęć, spotkań z uczniami . Czytelny podział na zapis tematu i przebieg czynności.</p>
<p><strong>UWAGA! PO ZAKUPIE PROSZĘ SPRAWDZIĆ, CZY E-MAIL NIE TRAFIŁ DO SPAMU. </strong></p>

<p>Starannie dobrany i opracowany zbiór 100 rozbudowanych wpisów do dziennika (dokument w formacie WORD do edycji)  systematyzujący pracę psychologa w szkole. Dokument został podzielony na zakres klas 1-3 oraz 4-8. Doskonałe wsparcie przy tworzeniu planu pracy, kontroli dokumentacji, a także źródło inspiracji do organizacji zajęć, spotkań z uczniami . Czytelny podział na zapis tematu i [&hellip;]</p>
